 1 + 17.
12
What is (0 - -7 - (-3 + 10)) + (-1 - -4)?
3
Evaluate 7 + 11 - (7 - (8 + -4)).
15
What is the value of -29 + 33 + 20 + -5 + 0?
19
What is -28 - (-31 - (-3 - 11))?
-11
What is the value of -6 - ((14 - 21) + -3)?
4
What is the value of -6 - (10 - (3 + -7) - (4 + 1))?
-15
-31 + 28 + 22 - -4
23
What is the value of 5 - 1 - (-48 + 56) - -11?
7
Evaluate -21 - 2 - (10 + -14 + 1 - 2).
-18
Evaluate -15 + (-18 - -17) + 33 - 20.
-3
Evaluate (9 - 16 - 0) + 3 + -14.
-18
Evaluate 5 + 5 - 16 - -13 - (-1 + -2).
10
Evaluate (-112 - -108) + -14 + 3.
-15
Evaluate 4 + 8 + (-3 - 12) - 7.
-10
(81 - 94 - (0 + -2)) + -6
-17
-15 + (-10 - (-1 - 17)) - (-9 - 0)
2
What is (-1 - (-6 - -1) - (7 - -1)) + 2?
-2
Calculate 0 + -11 - (-17 - (-15 - -6)).
-3
What is 19 + (-4 - 2) + -17?
-4
Evaluate (-39 - -43) + (9 - -3).
16
15 + (-4 - 0) - ((6 - 4) + 2)
7
Calculate 8 + (-16 - ((-1 - 19) + 10)).
2
(-13 + 16 - -2) + (-1 - 0)
4
(-255 - -255) + (1 - 12) - (-10 - 1)
0
Calculate 2 + -11 + (5 - -3) + -9.
-10
(17 - (2 - -3)) + -27
-15
What is the value of -15 + 2 - -4 - (4 - (-14 - -3))?
-24
What is -9 + (-1 + 0 + -7 - (-198 - -189))?
-8
-1 - (7 - (-3 - -5)) - (-229 + 234)
-11
-4 + (-7 + (2 - 7) - -8)
-8
What is 14 - (1 + (-8 + 3 - 7))?
25
What is the value of (-4 - 0) + (4 - -5) + (0 - -2)?
7
What is the value of 10 + (21 - -5) + (-30 - -17)?
23
Calculate 2 + 0 + (-4 - -9) - -4.
11
38 - (-9 - 22 - -42)
27
What is the value of 3 + (11 - (11 + -16 + -2))?
21
Evaluate (2 - -21) + -28 + (34 - 7).
22
Evaluate (0 - (-6 + 4)) + 2.
4
1 + -5 + 5 - (2 + 9)
-10
-18 - ((4 - 12) + 2)
-12
What is the value of 0 + -3 + (-15 - (-16 + 2))?
-4
What is the value of (1 + 4 - -1) + -14 + -1 + -3?
-12
What is (-3 - (7 + -14) - 8) + -6?
-10
Evaluate 11 - (-2 + 4) - (990 - 977).
-4
Calculate -5 + 14 - (19 + 4).
-14
What is the value of 8 - (9 + -3) - (19 - 15)?
-2
Evaluate -4 - 2 - (6 + (-17 - (14 + -41))).
-22
Evaluate (-5 - 0) + -8 + (6 - -6).
-1
Calculate -29 + 14 + 2 + (-2 - -2).
-13
What is the value of 32 - (-10 - (-36 + 10))?
16
What is the value of (43 + -62 - 7) + -10?
-36
Evaluate -34 - (13 + -13 + -13) - -6.
-15
Evaluate 24 - ((-1 - (5 - -2)) + (-178 - -187)).
23
Calculate (-1 - 0) + 2 + 0 + (-4 - 4).
-7
Evaluate 14 + -25 + (-4 - (-7 - (0 + 1))).
-7
Evaluate -7 - (-55 + (-19 - -41)).
26
What is the value of 18 - 2 - (-26 - -30)?
12
Evaluate -17 - (-3 + 10 + -11 + 7) - -5.
-15
Calculate -33 - (8 - 30) - -30.
19
What is (6 - (9 + (10 - 16))) + 6?
9
Evaluate -7 - (12 - (-11 - -9 - -10)).
-11
What is the value of -19 + (5 - (22 - (4 + 0)))?
-32
22 - (19 + (9 - -12))
-18
What is the value of (10 - (11 + -20)) + -8?
11
Calculate 1 - (2 + -3 + 3 + (0 - -2)).
-3
1 - (1 - 7) - (72 - (49 + -7))
-23
What is the value of -72 + 66 + -2 + -5 + 5?
-8
Evaluate -2 + 19 + -1 + (-7 - 3 - -16).
22
Calculate -1 + -9 + (-83 - -87).
-6
Evaluate (-388 - -409) + (3 + 0 - 4 - 10).
10
Calculate -13 - (17 + (11 - 26) + 0).
-15
Calculate 11 - (7 + 18 + -7).
-7
Calculate 184 + -174 + 0 + -11 + -1.
-2
(-9 - -1) + 47 + -28
11
Evaluate -4 + -2 + 0 + (19 - 22) + -3.
-12
-12 + 5 + 1 + 14 + -3
5
What is the value of (-16 - 1 - -18) + -8?
-7
-8 - (17 - (23 + 9))
7
Evaluate -54 - (-14 + -31 + 21).
-30
(-6 - -3) + 0 + 3 + 9 + -17
-8
What is the value of 6 - (8 + -25 + 23)?
0
What is the value of (79 - 42) + -28 + (4 - 2)?
11
Calculate -106 + 116 + (1 - -11 - 1).
21
Evaluate (7 - (2 + 0)) + 11 + (-22 - 3).
-9
Calculate 2305 + -2296 - (22 + 1).
-14
What is 9 - (-6 - (-9 + -6 + 8))?
8
Calculate -15 + (-11 - -13 - -1 - 17).
-29
Calculate -1 + 0 + -4 + 83 + -87.
-9
Calculate 22 + -16 - (-5 + 13).
-2
22 + -20 - (8 - (-1 - 0))
-7
Evaluate (3 - (2 - 3)) + -12 + 19 - -5.
16
What is the value of 3 + -8 + (-9 - (6 - 36))?
16
What is the value of -2 - (3 - -13 - (32 - 25))?
-11
What is 1 - (-34 - (-34 + 17))?
18
7 + (4 - -1 - -4) + 15
31
What is -2 - ((-2 - (-9 + 11)) + (-6 - -12))?
-4
(6 - (2 + -2 + 2)) + (-428 - -423)
-1
What is (-14 - (-1 - -3)) + (56 - 68)?
-28
What is the value of 17 + -2 + (35 - (-27 - -50))?
27
What is (-20 + -3 - (-1 - (-2 + 1))) + 6?
-17
Evaluate 7 + 6 + 7 + -37.
-17
Evaluate 9 - (15 + (5 - (9 - -5))).
3
Calculate 15 + -3 + -23 + -26 + 38.
1
What is -57 + (-19 - -25) + 28?
-23
What is (1 - (-3 - -7)) + 8 + 1 - 23?
-17
What is the value of (-3 - (-40 + 10 + 18)) + -29?
-20
What is the value of -40 + (12 - -19) - 19?
-28
What is -1 + -4 + -2 - 7 - 1?
-15
Evaluate (-13 - (-11 + -7)) + (-10 - 0) + 3.
-2
4 - (-1 - 7 - -16) - -24
20
What is -9 - (2 + 2 + (5 - 11))?
-7
What is (0 - 15) + (-407 - -435)?
13
Evaluate -5 - -2 - (-1 + 7) - -23.
14
What is the value of (-37 - -27) + 20 - (1 + -10)?
19
Calculate (15 - 28) + 25 + -2.
10
Evaluate -6 + 0 + -247 + 261.
8
Evaluate 15 - (-8 + 43 - 12) - -32.
24
Calculate 3 - (-9 + 9 + 2 + (28 - 0)).
-27
What is -3 + 18 - -10 - 10 - -4?
19
Calculate 33 + -24 - (-10 - -10).
9
1 + -7 - ((-6 - (-2 + 5)) + 6)
-3
Evaluate 18 + 2 + -3 - (316 + -311).
12
Calculate (44 - 25) + (-4 + 1 - 7).
9
What is the value of 0 - (-13 + 3) - (174 + -148)?
-16
11 - (18 - 12) - 1
4
What is (1 + -1 - (11 - 6)) + 20 + -22?
-7
What is the value of -33 + 31 + (5 - 5)?
-2
4 + 2 - 5 - 11 - (15 + 0)
-25
What is the value of (-9 - 26) + 9 + 10?
-16
42 + (-3 - 13) + (-2 - 12)
12
What is the value of (16 - 26) + (6 - -5)?
1
(4 - (0 + 16)) + -134 + 138
-8
Evaluate 6 - 1 - -2 - (-24 - -35).
-4
What is -1 + 13 + 5 + (23 - (4 - -13))?
23
(0 + -2 - 2) + -5 + (-1 - -4)
-6
What is -14 + -46 + 60 - (1 + -9 - -1)?
7
(-6 - (16 - (-8 - -11))) + 16
-3
Calculate (7 - 0 - -2) + 94 + -99 + -8.
-4
What is (-5 - (5 - 2)) + 0 - (-10 + 15)?
-13
Calculate (-252 - -223) + 0 + 36.
7
What is (-1 + 11 - -21) + -4 - 11?
16
What is (-12 - -17 - -7) + -14 + 0 + -12?
-14
What is the value of (-7 - (-5 - (-4 - 0))) + (-12 - 0)?
-18
Calculate -10 + 15 + (-5 + 4 - 2).
2
What is (237 - 259) + 33 + 0?
11
What is 18 - (-29 - -8 - -65)?
-26
Calculate -2 - -2 - (7 + -12) - 0.
5
Evaluate (6 + (-3 - 10) - 10) + (-1 - -3).
-15
Calculate -1 - (4 - 3) - (18 + -26).
6
2 - 1 - (6 + -5 + -10)
10
What is the value of -1 - (0 + 8 - 9 - -3)?
-3
Calculate (3 - 0) + -4 + -52 + -10 + 42.
-21
Evaluate -92 + 77 + 6 + 26.
17
What is (6 - 0) + 12 + -4 + (-19 - -4)?
-1
What is 32 - (-8 + (5 - (-5 - 2) - 0))?
28
Evaluate -4 - (-5 - (0 + 3 - -10) - -6).
8
Calculate (0 + -14 - 9) + 20.
-3
What is the value of -23 - (23 + (-19 - 20))?
-7
Calculate 41 - 39 - (8 + -12 - 17).
23
What is -3 - (9 - 17) - 13 - 9?
-17
Calculate (1 - -33) + (5 - 10) + -4.
25
What is (7 - 9) + 4 + -8 + -5?
-11
Calculate (1 - 13) + 21 - 24.
-15
Calculate 27 + (-32 - 26) - -15.
-16
Calculate -4 + (5 + 10 - (3 + (-7 - 2))).
17
(4 - -2) + (7 - 9) - -5
9
What is the value of -1 + 0 - (-46 + -11 + (44 - 11))?
23
Calculate (-63 - -68) + (-5 - (-9 - -4)) + -30.
-25
What is the value of 202 + -220 - (-3 + -34)?
19
Evaluate 1 - (0 + (3 - 4) - (4 + 1)).
7
Evaluate 51 + -57 + 13 + -2 + 15.
20
(-22 - (2 + -12)) + 7 - (-7 - -1)
1
Calculate (771 - 764) + (10 + -8 - (0 - -3)).
6
Calculate (-23 - (-29 - -9)) + (-3 - 0) - -3.
-3
(-5 - -4 - -5) + (43 - 46)
1
Evaluate 5 + 9 + -3 + -2 + -3.
6
What is (4 - -2) + -16 + 8 + 0?
-2
Evaluate (-344 - -327) + (40 - -2).
25
What is 1 + -14 + (10 + 8 - 13) + -2?
-10
-8 + -46 + (-12 - -100)
34
(-6 + (4 - 10 - -10) - -5) + 0
3
What is the value of -21 + 17 + -7 - (-8 + 0)?
-3
What is (-33 + 17 - 12) + (8 - (-2 - -2))?
-20
4 + 1 + -17 - (92 + -109)
5
What is 3 + -4 + 53 + -51?
1
Calculate 20 + -4 + -7 + -9.
0
Evaluate 2 + 1 + -3 + 3 + 5 + -1.
7
2 + (26 - 16) - (-1 + 0 - -5)
8
Calculate 14 + 7 + -2 + -8.
11
What is 23 + -9 + -2 - -2?
14
What is the value of -1 - (18 + -50 + 19) - 34?
-22
Calculate -8 - (0 + (-13 - -7) + (3 - 1)).
-4
Evaluate -6 - (-24 - (15 + -24)) - (-2 + -6).
17
What is the value of 12 - (-2 + 10 + (-4 - -4))?
4
What is the value of 0 + (-12 - (-23 + (2 - -7)))?
2
Evaluate (2 - -16) + (20 - (7 + 4) - 10).
17
What is (-19 - -1) + (-4 - -2 - 0) + 6?
-14
Evaluate 6 + -10 + (-7 - -36) + 2 + -9.
18
Evaluate 148 + -88 - (29 - -2).
29
Calculate 3 + -10 + 8 + (5 - 2).
4
-149 - -146 - (-4 + 6 + 3)
-8
What is 170 - 155 - (18 + -2 + 2)?
-3
What is -1 + -26 + 40 - (1 - 1)?
13
What is 17 - (-15 + 39 + -8)?
1
-185 + 181 + 1 + 17
14
Calculate (1 - (-5 + 12 + -6 - 9)) + -3.
